emainder when 55 is divided by m?
26
Let a(t) = -t**2 + 10*t - 10. What is the remainder when 25 is divided by a(6)?
11
Let o be -16*-3*(-2)/(-8). Suppose -3*i = -12 - o. Calculate the remainder when 14 is divided by i.
6
Suppose h + 4*h = 235. Let d = 71 + -46. What is the remainder when h is divided by d?
22
Let o(q) = 2*q**2 + 7*q - 5. What is the remainder when o(-6) is divided by 14?
11
Suppose 4*f = 4*y + 92, 4*y - 9 = 3. What is the remainder when 48 is divided by f?
22
Let b be 106/(-2) - (1 - -1). Let w = -26 - b. Calculate the remainder when w is divided by 8.
5
Let y = 6 + -3. Let i be (y + -1)*4/(-8). What is the remainder when 14 is divided by (2 + i)/(3/24)?
6
Let q(s) = s**2 + 12*s - 10. Let p be q(-13). Suppose 0*z + 3*z = -j + 10, p*j - 42 = -5*z. Calculate the remainder when j is divided by 5.
4
Suppose -3*y + 181 + 101 = -5*b, 4*b + 200 = -4*y. Let m = -32 - b. Calculate the remainder when (0 + -2)/((-2)/43) is divided by m.
21
Let n = 73 - 49. Suppose 2*f = 17 - 47. Let p = n + f. What is the remainder when 34 is divided by p?
7
What is the remainder when 33 is divided by 10/(-40) + (-98)/(-8)?
9
Suppose 0 = 4*c - 121 - 31. What is the remainder when c is divided by 13?
12
Let c = 95 - 5. Let m = -26 + c. Calculate the remainder when m is divided by 13.
12
Suppose d + 1 = 3*m - 5, -d + 4*m = 9. Suppose -7*w + 28 = -d*w. What is the remainder when w is divided by 2?
1
Let z be (8/(-10))/((-2)/190). Suppose 5*r - z = r. What is the remainder when r is divided by 10?
9
Let c = -17 - -43. Calculate the remainder when 101 is divided by c.
23
Let x(o) = -2*o + 3*o + 4*o**2 - 12 + 10. Calculate the remainder when 3 is divided by x(1).
0
Suppose -n - 3*k = -0*n - 36, n + k = 46. What is the remainder when n is divided by 26?
25
Let u(x) = 4*x + 6. Calculate the remainder when 87 is divided by u(4).
21
Let o(w) = w**3 + 3*w**2 - 7*w - 6. What is the remainder when o(-4) is divided by 2?
0
Suppose -b + 5*v - 25 = -5*b, -5*v = 5*b - 30. Let o = -16 + 24. Calculate the remainder when o is divided by b.
3
Suppose -3*j + 48 = -0*j. Suppose -3*d - d = -j. Suppose -d*w = -4*v - 24, w + 2*v - 15 = -0*v. Calculate the remainder when 16 is divided by w.
7
Let u be (-2)/(1 - 21/18). Let f(s) = 9*s - 14. Let x be f(u). Suppose 10*p - 5*p - x = -4*k, 0 = p + 2*k - 20. Calculate the remainder when 53 is divided by p.
17
Suppose 2*i - 172 = 3*n, -n - 2*i - 3*i - 46 = 0. What is the remainder when 25 is divided by n/(-16)*(3 - 1)?
4
Let k = -2 + 12. Let r = k - 6. What is the remainder when r is divided by 2?
0
Let n = 7 + -6. Let d(q) = 46*q + 1. What is the remainder when d(n) is divided by 24?
23
Let c(n) = 2*n**2 - 25*n - 6. What is the remainder when 48 is divided by c(13)?
6
Suppose -2*i + 13 + 9 = 0. Suppose 0*h + i = h. Suppose 6*y = h*y - 50. What is the remainder when 39 is divided by y?
9
Let l = -12 - -41. Calculate the remainder when l is divided by -3 + 1/1 - -17.
14
Suppose -4*y = y - 3*g + 916, -6 = -3*g. What is the remainder when y/(-5) + (-6)/15 is divided by 19?
17
Suppose 0 = 5*c - 2*h + 4 - 15, -5*c + 17 = -4*h. Let s be (3 + c)*(-14)/4. Calculate the remainder when 27 is divided by (-1 - 0/(-2))*s.
13
Let n(d) = d**3 - 4*d**2 - 5*d - 5. Let p be (0 - 3 - -2)*-6. Let f(t) = -2*t + 3. Calculate the remainder when n(p) is divided by f(-5).
11
Calculate the remainder when 42 is divided by (12/(-16))/(3/(-48)).
6
Let p be (-1)/6 + (-23)/6. What is the remainder when (-4 + 0)*29/p is divided by 8?
5
Suppose -5*x + 2*u = -6 - 41, -4*x + 3*u + 32 = 0. Suppose 4*n + 0*n - 992 = 0. What is the remainder when (n/24)/(2/6) is divided by x?
9
Let t = 34 + -23. Suppose -2*b + 18 = -2*z, 0*b - t = b - 5*z. What is the remainder when b is divided by (-14 - 2)*(-5)/10?
6
Let a be ((-6)/(-5))/((-9)/(-30)). Suppose -3*d + 208 = d + 3*l, -2*d + 104 = -a*l. What is the remainder when d is divided by 18?
16
Calculate the remainder when (-1 - 0)*17*(-5)/5 is divided by 9.
8
Let f(n) = -n**3 + 5*n**2 - n + 4. Suppose -4 + 0 = -v. Let m = 18 + -9. What is the remainder when f(v) is divided by m?
7
Let y = -17 + 59. What is the remainder when y is divided by 11?
9
Suppose -274 = -5*a + 21. What is the remainder when a is divided by 16?
11
Suppose -4*l - 4*h + 14 = -2, 4*h = 3*l - 12. What is the remainder when 13 is divided by l?
1
Let d(g) = -3*g - 2. Calculate the remainder when 17 is divided by d(-4).
7
Let t(s) = s + 1. Let m(a) = 4*a - 3. Let v(x) = m(x) - 5*t(x). Let q(b) = -3. Let u(o) = 7*q(o) - 2*v(o). What is the remainder when 8 is divided by u(5)?
3
Let t(p) = -p**3 - 8*p**2 + 4*p - 5. What is the remainder when 157 is divided by t(-9)?
37
Let u be ((-10)/6)/((-8)/48). Suppose 4*a = 70 + u. Suppose 5*z - a = -0*z. What is the remainder when 11 is divided by z?
3
Let q = 5 + -11. Let u = q - -10. Suppose -c + 47 = 2*c - s, -u*c - 3*s = -41. What is the remainder when 26 is divided by c?
12
Suppose -3*b - 53 = j - 11, -b + 2*j = 14. Let c = b + 24. What is the remainder when 18 is divided by c?
8
Let h(x) = 0 + 0*x**2 - 8*x**2 - 6 + 2*x**2 - 2*x - x**3. Let i be h(-5). Let c = i + 34. What is the remainder when c is divided by 7?
6
Suppose 2*l = -d - d - 12, 3*d + 2*l = -13. Let n be 116/24 - d/6. Suppose 0*r = n*r - 110. What is the remainder when r is divided by 6?
4
Calculate the remainder when (3 - 1)*(18 - (-3 - 1)) is divided by 24.
20
Suppose -5*y = 2*i - 499, 3*y + y + i = 401. Calculate the remainder when y is divided by 26.
23
Let d be 1*2/(-2 + 1). What is the remainder when ((-1)/d)/(2/76) is divided by 5?
4
Suppose 3*y - 5 - 4 = 0. Let x(o) be the third derivative of o**4/24 + o**3/3 - 2*o**2. What is the remainder when x(6) is divided by y?
2
Let a = -328 - -489. What is the remainder when a is divided by 55?
51
Let m(r) = -r**2 - 6*r + 6. Let u be m(-5). Let a = u + -3. What is the remainder when 15 is divided by a?
7
Let h = 105 + -60. What is the remainder when h is divided by 26?
19
Let a(o) = -23*o - 2. What is the remainder when 60 is divided by a(-1)?
18
Let t be -1*-2*(-3)/6. Calculate the remainder when -3 - (-79 - (t + 3)) is divided by 20.
18
Let k = 1 + -1. Suppose k = -o + 2*x + 19, -7 - 1 = -4*x. Let b(d) = -12*d + 1. What is the remainder when o is divided by b(-1)?
10
Let k = 28 + 4. Let t = 20 - 9. Calculate the remainder when k is divided by t.
10
Let t be (-3496)/(-14) - (-2)/7. Suppose 4*z + 100 + 50 = 3*m, -5*m + t = -5*z. What is the remainder when m is divided by 17?
16
Suppose 3*j + 5*d + 526 = 1641, 1885 = 5*j - 5*d. Let l = -249 + j. Calculate the remainder when l is divided by 32.
30
Let d(p) = -6*p - 32. Let u(r) = 6*r**2 + 3*r. Calculate the remainder when d(-14) is divided by u(-2).
16
Let j be (-9)/6 - (-1)/(-2). Suppose -15 = -4*a + 2*b - 3, -5*b + 15 = 5*a. What is the remainder when a - -19 - (j - 1) is divided by 9?
7
Let m(r) = 4*r**3 - r**2 + 2*r - 3. Calculate the remainder when 55 is divided by m(2).
26
Let t be (-2)/(-9) + (-40)/18. Let n(y) = 25*y - 6. Let g(o) = 76*o - 19. Let s(x) = 6*g(x) - 19*n(x). Calculate the remainder when s(t) is divided by 13.
12
Let p = 6 - 1. Let n be (24/5)/(2/40). Suppose p*f = f + n. Calculate the remainder when f is divided by 13.
11
Let z(w) = 10*w**3 - w**2 + 2*w - 2. What is the remainder when 33 is divided by z(1)?
6
Let b(m) = -m - 2*m + 3*m - 3 + m. Let i be b(6). Suppose -3*a + 8 = 4*z + a, 4*a = i*z - 20. What is the remainder when z is divided by 3?
1
Let q = -48 + 84. Let x be (2/4)/((-1)/(-4)). Suppose 0*m + q = x*m. Calculate the remainder when m is divided by 10.
8
Let t(u) = -u + 3. Let g(m) = -m**3 - 2*m**2 - m + 1. Calculate the remainder when t(-5) is divided by g(-2).
2
Suppose -3*i = -n + 6, i + 2*i + 30 = 3*n. Let k = n - -7. Calculate the remainder when 56 is divided by k.
18
Let n(c) = c**2 - c + 5. Let g be n(-5). Suppose 13 = -4*k - 2*v + g, -13 = -2*k + v. What is the remainder when 102/(-4)*(-4)/6 is divided by k?
5
Suppose -s = -3*s - k + 10, 2*k + 4 = 0. Suppose 5*m - s = -2*q, -m + q = -2*m. Let r(d) = d**3 + d**2 + 3. What is the remainder when r(0) is divided by m?
1
Let t = -47 + 75. Let p = -2 + 12. What is the remainder when t is divided by p?
8
Suppose -2*u = 2*u + 3*w - 230, u - 64 = -4*w. Calculate the remainder w